s divided by 562?
4
Calculate the remainder when 4025 is divided by 192.
185
What is the remainder when 31636 is divided by 54?
46
Calculate the remainder when 803 is divided by 12.
11
What is the remainder when 169845 is divided by 211?
201
What is the remainder when 2958 is divided by 1471?
16
What is the remainder when 20947 is divided by 349?
7
What is the remainder when 240863 is divided by 52?
51
What is the remainder when 1312115 is divided by 167?
163
Calculate the remainder when 3086 is divided by 1006.
68
What is the remainder when 4788 is divided by 34?
28
What is the remainder when 791 is divided by 155?
16
What is the remainder when 180045 is divided by 93?
90
Calculate the remainder when 7718 is divided by 118.
48
Calculate the remainder when 6419 is divided by 304.
35
Calculate the remainder when 7618 is divided by 8.
2
Calculate the remainder when 361368 is divided by 114.
102
Calculate the remainder when 20568 is divided by 56.
16
What is the remainder when 2505 is divided by 499?
10
Calculate the remainder when 10567 is divided by 75.
67
Calculate the remainder when 3737 is divided by 619.
23
What is the remainder when 30023 is divided by 29997?
26
Calculate the remainder when 6412 is divided by 791.
84
Calculate the remainder when 202889 is divided by 48.
41
What is the remainder when 290492 is divided by 203?
202
Calculate the remainder when 12856 is divided by 201.
193
Calculate the remainder when 2064 is divided by 110.
84
Calculate the remainder when 547860 is divided by 22.
16
Calculate the remainder when 84579 is divided by 74.
71
Calculate the remainder when 2048 is divided by 261.
221
Calculate the remainder when 548 is divided by 148.
104
What is the remainder when 8561 is divided by 44?
25
Calculate the remainder when 441339 is divided by 11.
8
What is the remainder when 102038 is divided by 20?
18
What is the remainder when 6326086 is divided by 717?
712
Calculate the remainder when 20008 is divided by 1177.
1176
Calculate the remainder when 31927 is divided by 37.
33
What is the remainder when 143648 is divided by 606?
26
What is the remainder when 197660 is divided by 295?
10
What is the remainder when 710 is divided by 362?
348
Calculate the remainder when 264 is divided by 181.
83
Calculate the remainder when 2665 is divided by 35.
5
Calculate the remainder when 36264 is divided by 18117.
30
What is the remainder when 3311928 is divided by 483?
480
Calculate the remainder when 112027 is divided by 49.
13
Calculate the remainder when 17877 is divided by 127.
97
What is the remainder when 4100 is divided by 320?
260
Calculate the remainder when 118471 is divided by 236.
235
Calculate the remainder when 106142 is divided by 106094.
48
Calculate the remainder when 112027 is divided by 37260.
247
Calculate the remainder when 13764 is divided by 3434.
28
What is the remainder when 2016 is divided by 47?
42
Calculate the remainder when 45784 is divided by 22854.
76
What is the remainder when 2423 is divided by 848?
727
What is the remainder when 2525948 is divided by 30433?
9
Calculate the remainder when 4253589 is divided by 2045.
2034
What is the remainder when 5391664 is divided by 441?
439
What is the remainder when 21774 is divided by 180?
174
What is the remainder when 72206 is divided by 123?
5
What is the remainder when 4321 is divided by 822?
211
What is the remainder when 2771 is divided by 664?
115
What is the remainder when 3557 is divided by 2360?
1197
Calculate the remainder when 3109 is divided by 1536.
37
Calculate the remainder when 1215321 is divided by 11.
8
What is the remainder when 9655 is divided by 711?
412
Calculate the remainder when 61188 is divided by 30590.
8
What is the remainder when 128265 is divided by 7?
4
Calculate the remainder when 1025182 is divided by 236.
234
Calculate the remainder when 7861 is divided by 1435.
686
Calculate the remainder when 14181 is divided by 6964.
253
Calculate the remainder when 2906 is divided by 2792.
114
Calculate the remainder when 1361 is divided by 57.
50
Calculate the remainder when 49871 is divided by 462.
437
What is the remainder when 23897 is divided by 7?
6
What is the remainder when 1013 is divided by 99?
23
Calculate the remainder when 9482 is divided by 364.
18
What is the remainder when 17247 is divided by 2?
1
What is the remainder when 9365 is divided by 257?
113
Calculate the remainder when 7718972 is divided by 1129.
1128
What is the remainder when 2058 is divided by 2020?
38
What is the remainder when 74030 is divided by 24673?
11
What is the remainder when 32657 is divided by 2918?
559
Calculate the remainder when 1079229 is divided by 511.
508
What is the remainder when 85929 is divided by 178?
133
Calculate the remainder when 2765 is divided by 2565.
200
What is the remainder when 3277 is divided by 120?
37
What is the remainder when 36033 is divided by 156?
153
Calculate the remainder when 6128 is divided by 6109.
19
What is the remainder when 1313562 is divided by 19?
16
Calculate the remainder when 3079262 is divided by 1312.
1310
Calculate the remainder when 635726 is divided by 89.
88
Calculate the remainder when 5026 is divided by 38.
10
Calculate the remainder when 5180773 is divided by 67.
65
What is the remainder when 355421 is divided by 29?
26
Calculate the remainder when 20786 is divided by 17.
12
Calculate the remainder when 5241 is divided by 201.
15
What is the remainder when 6862 is divided by 991?
916
What is the remainder when 6597 is divided by 354?
225
Calculate the remainder when 300526 is divided by 82.
78
What is the remainder when 2507 is divided by 521?
423
What is the remainder when 55016 is divided by 249?
236
Calculate the remainder when 51409 is divided by 1658.
11
Calculate the remainder when 10969 is divided by 2738.
17
Calculate the remainder when 49714 is divided by 83.
80
What is the remainder when 240598 is divided by 15034?
54
What is the remainder when 105235 is divided by 1846?
13
Calculate the remainder when 2553 is divided by 834.
51
Calculate the remainder when 2160 is divided by 498.
168
Calculate the remainder when 5235 is divided by 736.
83
Calculate the remainder when 920 is divided by 449.
22
Calculate the remainder when 21901 is divided by 10716.
469
What is the remainder when 156067 is divided by 11?
10
What is the remainder when 5679 is divided by 709?
7
Calculate the remainder when 20654 is divided by 6883.
5
Calculate the remainder when 442985 is divided by 86.
85
Calculate the remainder when 944 is divided by 180.
44
Calculate the remainder when 11050 is divided by 527.
510
Calculate the remainder when 10649 is divided by 75.
74
What is the remainder when 5357 is divided by 270?
227
Calculate the remainder when 10786 is divided by 36.
22
What is the remainder when 5910 is divided by 41?
6
Calculate the remainder when 20632 is divided by 28.
24
Calculate the remainder when 53332 is divided by 38.
18
What is the remainder when 2201 is divided by 215?
51
What is the remainder when 10880 is divided by 1535?
135
What is the remainder when 1691 is divided by 843?
5
What is the remainder when 3148 is divided by 109?
96
What is the remainder when 1863 is divided by 1706?
157
Calculate the remainder when 369567 is divided by 582.
579
Calculate the remainder when 23249 is divided by 33.
17
What is the remainder when 950 is divided by 169?
105
Calculate the remainder when 34526 is divided by 986.
16
What is the remainder when 42203 is divided by 7?
0
What is the remainder when 1811974 is divided by 53?
10
What is the remainder when 232937 is divided by 20?
17
Calculate the remainder when 485 is divided by 107.
57
What is the remainder when 839 is divided by 41?
19
What is the remainder when 85934 is divided by 164?
162
Calculate the remainder when 62773 is divided by 308.
249
What is the remainder when 8701 is divided by 105?
91
Calculate the remainder when 6649 is divided by 2188.
85
Calculate the remainder when 4219 is divided by 474.
427
Calculate the remainder when 14796 is divided by 141.
132
What is the remainder when 64348 is divided by 286?
284
What is the remainder when 8488 is divided by 21?
4
What is the remainder when 25599 is divided by 513?
462
Calculate the remainder whe